hat is 305 + -381a5?
-379a0
In base 2, what is 100101010101111010 - 1010000?
100101010100101010
In base 11, what is -2822 - 63a2?
-9114
In base 14, what is -2bc37 - -8d?
-2bb88
In base 11, what is -268605458 + 2?
-268605456
In base 7, what is -56001533 - -1?
-56001532
In base 15, what is -138eb + 1dde?
-11a0c
In base 10, what is -14842 - -2910?
-11932
In base 10, what is 1910709 + 10?
1910719
In base 4, what is 222230202 + 113?
222230321
In base 16, what is -3 - -1159171?
115916e
In base 10, what is -141 + 710433?
710292
In base 10, what is 6 + -125694993?
-125694987
In base 7, what is 2205524 + -134?
2205360
In base 13, what is 320 + -17?
306
In base 7, what is -15 + 2303115?
2303100
In base 4, what is -1330 + 3223122110?
3223120120
In base 7, what is 552 - 43530316?
-43526434
In base 10, what is 14838 - 30065?
-15227
In base 3, what is -1200110012202 - 11?
-1200110012220
In base 10, what is 2 + -1779?
-1777
In base 4, what is 313320 + -2213?
311101
In base 5, what is 33034304 + -4211?
33030043
In base 5, what is -1 - 2142230?
-2142231
In base 6, what is -2 - -105045211?
105045205
In base 7, what is 61346 + 163164?
254543
In base 16, what is -7f - 9f56?
-9fd5
In base 11, what is -5569 - 7930?
-12399
In base 8, what is -11454604 + 142?
-11454442
In base 3, what is 2222 + -20111200010?
-20111120011
In base 2, what is -101 + -10111001111101110000111010?
-10111001111101110000111111
In base 2, what is 101101101 - 1110100011000100?
-1110011101010111
In base 13, what is -c3 - -52401?
5230b
In base 8, what is -63500 + 40451?
-23027
In base 2, what is 11100111110111011011000110 + 1000?
11100111110111011011001110
In base 13, what is -30b - -69a8?
669a
In base 4, what is -332 - -123330331?
123323333
In base 4, what is -212003 - -231330031?
231112022
In base 12, what is 556 - 4139?
-37a3
In base 13, what is 10c3 - -98c8?
a9bb
In base 2, what is 100 - -11001010010100101000110011?
11001010010100101000110111
In base 15, what is -9 + -25096b?
-250975
In base 13, what is -88 + -5a745?
-5a800
In base 11, what is 2282a - -52?
22881
In base 11, what is -3668 + 918?
-2850
In base 13, what is 33 + 2121?
2154
In base 2, what is -1100010010010001 + 1111111110?
-1100000010010011
In base 15, what is 3260 + -6253?
-2ee3
In base 3, what is -201002200122 + 20100?
-201002110022
In base 14, what is 5a0c3 - -1655?
5b738
In base 12, what is 5b + 12254?
122b3
In base 5, what is 112102222 - -204?
112102431
In base 15, what is -5 - 9b4540d?
-9b45413
In base 9, what is -47116 + 340?
-46666
In base 7, what is 164 - -6446152?
6446346
In base 5, what is 33440 + 14340440?
14424430
In base 11, what is 6012 + 830a?
13321
In base 4, what is -21 + 1100131023231?
1100131023210
In base 12, what is -90b5748 + b?
-90b5739
In base 3, what is 1 - -1012222211121221?
1012222211121222
In base 11, what is -2 + -3655632?
-3655634
In base 9, what is 5326658 + -4?
5326654
In base 14, what is 0 - -43b?
43b
In base 16, what is 410122 - 1?
410121
In base 5, what is 11 - -1413442143?
1413442204
In base 12, what is 700 + -5132?
-4632
In base 11, what is 2476937 - 34?
2476903
In base 5, what is -4 + -1131111400342?
-1131111400401
In base 6, what is -5440 - 3210110?
-3215550
In base 3, what is 20221202101011100 - -12?
20221202101011112
In base 4, what is -1103231232233 - -2?
-1103231232231
In base 16, what is -1a3 - bd49?
-beec
In base 5, what is -20112044102 - -10?
-20112044042
In base 6, what is 342234352 + -5?
342234343
In base 13, what is 20c + -436b8?
-434a9
In base 3, what is 11 + -21020212010220?
-21020212010202
In base 5, what is 30124112322 + -10?
30124112312
In base 15, what is 25 + -178c66?
-178c41
In base 3, what is 10121020221101 - -201?
10121020222002
In base 4, what is -10323133022 - 3?
-10323133031
In base 10, what is 14281 + 381?
14662
In base 7, what is -1163602 - -61?
-1163511
In base 6, what is 44 - -5254124?
5254212
In base 4, what is -20131112011 - -10?
-20131112001
In base 12, what is -1b3902 + 4?
-1b38ba
In base 8, what is 26642103 + 4?
26642107
In base 11, what is 554458 - -6?
554463
In base 12, what is 2 - 26b7096?
-26b7094
In base 14, what is -81398d - -8?
-813985
In base 13, what is 2028 + -9ca9?
-7c81
In base 13, what is -606 + 276142?
275839
In base 5, what is -40 + 40430404?
40430314
In base 12, what is -36a7946 - -4?
-36a7942
In base 9, what is -73030504 + 1?
-73030503
In base 11, what is 32175a3 + 21?
3217614
In base 4, what is 101121002 + -1221202?
33233200
In base 4, what is -2112 + 3031122?
3023010
In base 7, what is -2502 - -451115?
445313
In base 3, what is 21100210212 - -120?
21100211102
In base 13, what is -3 + 1b3103?
1b3100
In base 12, what is 277667 + 41?
2776a8
In base 3, what is -101000012220021 - 112?
-101000012220210
In base 9, what is 20555182 - 67?
20555114
In base 5, what is -432324220 + -10?
-432324230
In base 13, what is 57178 + 146?
572c1
In base 16, what is -16 - 5946f?
-59485
In base 6, what is 22104154 + -2?
22104152
In base 8, what is 116366020 + -4?
116366014
In base 4, what is -2303312133 + -131?
-2303312330
In base 16, what is -10 + -b0d78?
-b0d88
In base 9, what is -6 + -8728256?
-8728263
In base 5, what is 11434313 - -22204?
12012022
In base 9, what is 3 - 104375631?
-104375627
In base 11, what is -296 + -7669?
-7954
In base 8, what is 42 - 10716037?
-10715775
In base 3, what is -1111202 + 101122101?
100010122
In base 2, what is -111 - 11010010001110101011100000?
-11010010001110101011100111
In base 3, what is -101200120020201 - 21?
-101200120020222
In base 10, what is 16952220 - -4?
16952224
In base 4, what is -13 + -3112012300303?
-3112012300322
In base 13, what is -4076 + -399?
-4442
In base 16, what is -2e4 + 754?
470
In base 15, what is -782e8 + 3?
-782e5
In base 16, what is -7 - 18ea92?
-18ea99
In base 6, what is -14531231 + 2?
-14531225
In base 9, what is -2312880 - -313?
-2312566
In base 14, what is 3d5a - 282?
3ab8
In base 14, what is 155d744 - 19?
155d729
In base 11, what is 5 - -14968?
14972
In base 7, what is -25662063 - -1?
-25662062
In base 9, what is 5 - -1812105?
1812111
In base 11, what is -484 + -3366?
-383a
In base 2, what is 101 + -1000010010000101010100?
-1000010010000101001111
In base 4, what is -13113110313000 + -1?
-13113110313001
In base 9, what is -21 + -3306270?
-3306301
In base 3, what is -10 - -1101210222010010?
1101210222010000
In base 9, what is -3238 + -8530?
-12768
In base 12, what is 469b467 - 7?
469b460
In base 5, what is 11311304334020 - 0?
11311304334020
In base 13, what is -29156 + -acb?
-29c54
In base 2, what is -101101011110111110000100 + -1000?
-101101011110111110001100
In base 6, what is -333122 - 213?
-333335
In base 16, what is -8f4e83b - 4?
-8f4e83f
In base 16, what is 13d - -1e908?
1ea45
In base 14, what is -1add9b3 + a?
-1add9a7
In base 4, what is -1333022 + 1110003?
-223013
In base 9, what is -11513286 + -2?
-11513288
In base 14, what is -140a9 + 1?
-140a8
In base 9, what is 1161 + -16142?
-14871
In base 6, what is 53 + -103053450?
-103053353
In base 6, what is -313410 + -2002?
-315412
In base 15, what is 3a98 - cb?
39bc
In base 12, what is -162 + -481388?
-48152a
In base 2, what is 10 - -110010010010100111011011000?
110010010010100111011011010
In base 12, what is -1 - -240b70b3?
240b70b2
In base 14, what is 1c18 + 20b?
2025
In base 4, what is -23203200213 + 133?
-23203200020
In base 7, what is -13 + 3421055?
3421042
In base 14, what is da0a - -240d?
12019
In base 5, what is -2330404034 - 3?
-2330404042
In base 8, what is 21022707 + -13?
21022674
In base 13, what is -235869 - -17?
-235852
In base 3, what is 121201100002 + 101?
121201100110
In base 2, what is 1 - -110011111110011010100110100?
110011111110011010100110101
In base 5, what is 2412 - 311323233?
-311320321
In base 14, what is 5 - -bd0a1b?
bd0a22
In base 15, what is -110bc59 + 3?
-110bc56
In base 12, what is -59ba2 - 14?
-59bb6
In base 12, what is 1433a67 + 7?
1433a72
In base 15, what is -1a - -c22d37?
c22d1c
In base 15, what is 18 + 32b5a7?
32b5c0
In base 15, what is -563091 + -2?
-563093
In base 12, what is 17 + -10ab3bb5?
-10ab3b9a
In base 15, what is -13a5a5b2 - -3?
-13a5a5ae
In base 6, what is 51344353 + 34?
51344431
In base 16, what is 15f8bf - 171?
15f74e
In base 3, what is -111021122211010 - -2?
-111021122211001
In base 3, what